prime factors of a(-24).
7, 151
Let v = -4175 + 4205. Let b = -9 - -36. Suppose -b*i - 114 = -v*i. List the prime factors of i.
2, 19
Let b = 35315 - 16038. What are the prime factors of b?
37, 521
Let c = 23 + -22. Let n be 73/c - (-2 - 1). Suppose -6*b + 218 = -n. What are the prime factors of b?
7
Let a(u) = -4*u**3 + 69*u**2 - 12*u - 26. List the prime factors of a(-10).
2, 23, 239
Suppose -4*q = -3*l + 12, q - 4*q - 16 = -4*l. Let a be (-6870)/(-40) - (0 - 1/l). Suppose -n = -5*u - a, 2*n + u + 36 = 369. List the prime factors of n.
167
Let p(c) = 456*c + 158. Let a be p(-7). Let w = -1486 - a. What are the prime factors of w?
2, 3, 43
Let m(l) = -l**3 + 4*l**2 - 12*l + 18. Let d be m(2). Suppose -2*x - i = -4*x + 517, 0 = -d*i - 10. List the prime factors of x.
2
Let t = -54 - -57. Let x(s) = 48*s**2 - s - 2. Let j be x(t). Suppose -6*g + 143 = -j. What are the prime factors of g?
5, 19
Suppose -23*v = -19*v - 224. Let p = v + 14. What are the prime factors of p?
2, 5, 7
Let s = 130 - 116. Suppose s*h = 6687 - 345. List the prime factors of h.
3, 151
Let u(r) = -4*r**2 - 20*r + 40. Let y be u(-13). Let t = 585 - y. What are the prime factors of t?
31
Let k(h) = -h**2 - 1. Let i be k(0). Let v(u) = -126*u + 1280. Let r be v(10). List the prime factors of 2362/r + i/10.
2, 59
Let w = -423 - -1702. What are the prime factors of (-22 - -17)*w/(-5)?
1279
Let r(s) = -29*s**3 + 12*s**2 - 7*s + 15. What are the prime factors of r(-6)?
3, 2251
Suppose 680851 = 123*v - 1207322. List the prime factors of v.
3, 7, 17, 43
Let h(k) = 4*k**2 + 70*k - 381. List the prime factors of h(-84).
3, 7321
Suppose -c + 4*d = -413, c = d + 135 + 263. Let o = c - -1087. List the prime factors of o.
2, 5, 37
Let y(r) = -1. Let p(l) = -4*l + 20. Let v(h) = p(h) + 24*y(h). Let w be v(-4). Let n = -5 + w. List the prime factors of n.
7
Suppose 6*f - 11*f - 3*t + 151493 = 0, -t + 151481 = 5*f. List the prime factors of f.
5, 73, 83
List the prime factors of ((-75)/(-50))/((-12)/(-36704)).
2, 31, 37
Suppose -6*q = -10*q + 12, 3*j - 2*q = 84. Suppose -188*m = -185*m - j. What are the prime factors of (0 - 134)/((-5)/m)?
2, 67
Let y = -51 - -19. Let j be 8/(-10)*80/y. Suppose 61 = -j*i + 3*i. List the prime factors of i.
61
Suppose -3*y + 6 = 3*r, r - y = -6*y - 2. Suppose 0*p - r*p = 378. List the prime factors of (-36)/p + 486/14.
5, 7
List the prime factors of (-8)/16*(-1 - (3 + -4)) + 10399.
10399
Let q = -213 + 309. What are the prime factors of 4/48 + 16792/q?
5, 7
What are the prime factors of (-363420)/(-14) - (-248)/(-434)?
2, 12979
Let j(k) = -k**2 - 44*k - 311. Let t be j(-35). Suppose -w - t*a = -180, 31*w = 32*w - a - 190. What are the prime factors of w?
2, 47
Let i = -1031 - -700. Let c = 603 + i. List the prime factors of c.
2, 17
What are the prime factors of (-361656)/(-63) - -4 - (-6)/14?
3, 5, 383
Suppose 5*h + 5*s - 359750 = 0, 144*s = 142*s - 10. What are the prime factors of h?
3, 5, 13, 41
Let b(m) = -100*m**3 - 15*m**2 - 54*m - 269. List the prime factors of b(-6).
5, 41, 103
Let o(d) = 546*d**2 + 392*d + 3479. List the prime factors of o(-9).
7, 6311
Let t = 2198 + 1017. List the prime factors of t.
5, 643
Let g(p) = 24*p**3 - 2*p**2 - p + 197. Let m be g(12). Suppose 0 = 31*t - m - 1907. List the prime factors of t.
2, 349
Let x be (7 - (-39)/(-6))*2116. Let q = 1832 - x. List the prime factors of q.
2, 3, 43
Let t(f) = -f**3 + 50*f**2 + 8*f - 148. List the prime factors of t(50).
2, 3, 7
List the prime factors of ((7/(-21))/((-28)/15816))/((-2)/(-14)).
2, 659
Let w be (32/80)/(2/270). List the prime factors of (-3)/18*1 - (-12915)/w.
239
Let f be 2/(-12)*-51*34. Let l be (1 - (-1 - -5))*-1. Suppose 3*i - 2*c - f = 166, 448 = l*i + 5*c. What are the prime factors of i?
151
Let j(o) be the first derivative of o**3/3 - o**2/2 - o - 33. Let q(u) = -2*u**2 + 11*u - 9. Let x(a) = 4*j(a) - q(a). What are the prime factors of x(3)?
2, 7
Let x(s) = -7250*s**3 + 3616*s**3 + 3618*s**3 + 4 - 10*s - 14*s**2. List the prime factors of x(-5).
2, 3, 71
Let m(q) be the first derivative of -20*q - 47*q**2 + 10 + 38*q - 20*q. What are the prime factors of m(-1)?
2, 23
Let v = -82 - -133. Suppose -n - 3*u - v = -8*u, 2*n - 4*u = -72. Let s = n - -68. List the prime factors of s.
2, 3, 7
Suppose -5*r - 3155 = b - 10830, -2*b + r + 15306 = 0. List the prime factors of b.
5, 1531
Suppose -2*x = 3*w - 75486, 3*x - 4*w = x + 75444. What are the prime factors of x?
2, 3, 19, 331
Let v = 159 + -138. Suppose -30*w + 31*w = v. List the prime factors of w.
3, 7
What are the prime factors of (19 + -53 - -30) + (35440 - (-1)/1)?
35437
Let h(u) = 32*u**2 + 6*u - 22. List the prime factors of h(3).
2, 71
Suppose 3*f + 345 = -7929. Let k = f - -3882. What are the prime factors of k?
2, 281
What are the prime factors of ((141723/(-6) - -1) + 0)/(3/(-6))?
97, 487
List the prime factors of (1/(6/(-1636)))/((-72)/1296).
2, 3, 409
Suppose -y + 8 = -3*y, 3878 = -3*k - 2*y. Let t = 2339 + k. Suppose -328 = 7*d - t. What are the prime factors of d?
103
Let f = 59 + -15. Let r = 49 - f. Suppose -d + 2*l + 5 = 2, -3 = d - r*l. List the prime factors of d.
7
Suppose 26203 = 4*t + a, -4*a = -4*t + a + 26185. Suppose -36*z + t = -11*z. What are the prime factors of z?
2, 131
Suppose -j - 1 = -5*q, 4*q - 1 = -4*j + 5*j. List the prime factors of 218456/420 + j/(15/2).
2, 5, 13
Let z = -10285 + 15210. What are the prime factors of z?
5, 197
Let a = 3279 - 1905. Suppose -2*b = 4*z - 2520, 3910 = 4*z - 2*b + a. What are the prime factors of z?
2, 79
List the prime factors of (-16)/(-20)*363545/26.
2, 7, 17, 47
Suppose -31 = 3*q + 23. Let f = 14 + q. What are the prime factors of 2/(-8) + f/((-48)/1383)?
5, 23
Let g(f) = -7*f - 164. Let q be g(-26). Suppose -d + q*d - 9401 = 0. List the prime factors of d.
7, 79
Suppose -10*n + 65 - 25 = 0. What are the prime factors of n*(-1)/12*-1230?
2, 5, 41
Suppose -19 = -2*r - 5*u, -3*u = -2*r + u + 28. Let h(s) = 5 - r*s**2 + 8*s**2 - 3*s - 8*s**3 - 7. List the prime factors of h(-2).
2, 13
Suppose 3*o - 9280 = r, 2*o - 9464 = 5*r - 3299. List the prime factors of o.
5, 619
Suppose -16*o + 9*o = -462. Suppose 0 = 2*p + o - 86. List the prime factors of p.
2, 5
Suppose 4*a = 4 - 200. Let m(o) = -3*o**2 - 183*o - 206. Let q be m(-59). Let c = q + a. List the prime factors of c.
3, 11
Let n(o) = 206*o + 1004. What are the prime factors of n(52)?
2, 29, 101
Suppose -10*x - 849 = -7*x. Let r = x - -1795. List the prime factors of (-2 - r/(-10)) + 9/(-45).
149
Let a(y) = 2*y**2 - y - 12. Let h be a(6). Let l = h + -144. Let g = l + 143. What are the prime factors of g?
53
Let c(n) = -8*n**3 - 2*n**2 - 6*n + 27. Let u be c(4). Let s = u - -818. List the prime factors of s.
277
Let x = 89 - 87. Suppose x*l - 936 - 230 = -4*u, 1141 = 4*u - 3*l. List the prime factors of u.
17
Suppose 11*r - 4*r + 3857 = 0. Let u = 235 + r. Let v = -217 - u. List the prime factors of v.
3, 11
Let d = -192 + 198. List the prime factors of ((-27)/d - -4)*-2 - -282.
283
Suppose -130*c = -124*c - 28266. What are the prime factors of c?
7, 673
Suppose 337*m - 2971154 = 4311416. List the prime factors of m.
2, 5, 2161
Let g be (169 - 165)*((-1)/(-2) + 0). Let j(k) = 148*k + 3. Let z be j(4). Suppose -g*x = -9*x + z. What are the prime factors of x?
5, 17
Let s be 12/20*-1*(-3484 + -21). Suppose 0 = -3*v + 25*n - 26*n + s, 5*n = 2*v - 1402. What are the prime factors of v?
701
List the prime factors of (-27)/(-144) + (-18785439)/(-432).
3, 5, 13, 223
Suppose -14*i = -25*i + 66. Let x be 283/i - 1/6. Let k = 4 + x. List the prime factors of k.
3, 17
Let p(j) = -5*j**3 - 23*j**2 + 26*j - 26. Let b(d) = 6*d**3 + 25*d**2 - 28*d + 25. Let s(n) = 4*b(n) + 5*p(n). List the prime factors of s(-17).
2, 11
List the prime factors of 84/140 - (-96328)/(-5)*(-5)/20.
4817
Let d(y) = -y**2 + 9*y - 13. Let p be d(12). Let h = p - -56. Let g = h + 7. List the prime factors of g.
2, 7
Let u(j) be the third derivative of 5*j**4/24 + j**3/6 + 7*j**2. Let o be u(-6). Let i = o + 43. List the prime factors of i.
2, 7
List the prime factors of (-23073)/(-5)*(4 + -3)/((-8)/(-40)).
3, 7691
Suppose -a + 16 = -0*a - 3*i, -5*i - 24 = -a. Suppose -13*j = -a*j - 441. What are the prime factors of j?
7
Suppose 87 =